he units digit of n(z)?
7
Let v(c) be the first derivative of -c + c**3 - 5/2*c**2 + 1 + 1/4*c**4. What is the units digit of v(-4)?
3
Suppose 0 = -15*i + 16*i. Suppose 0 = -4*f - 4*d + 111 - 35, i = -5*d + 20. What is the units digit of f?
5
What is the tens digit of ((-28)/8 - 4)*-16?
2
Let v be (-1 - -3)/((-1)/(-16)). Suppose -3*d = -6, -2*j + 25 = -4*d - 1. Let q = v - j. What is the tens digit of q?
1
Let z = 3 - 1. What is the units digit of (z - 9/6)*14?
7
Let f be 2 + -4 + -1 + 0. Let t = f - -2. Let m = 4 + t. What is the units digit of m?
3
Let s = 117 - 61. What is the units digit of s?
6
Let w be 14/4 + (-6)/4. Let a be (0 - (w - 2))/(-2). Let y = 3 - a. What is the units digit of y?
3
What is the tens digit of 3 + -1 - -2 - -30?
3
Suppose 0 = -5*f + 15, 5*f = -4*k - k + 30. Suppose 2*s + l - 14 = 0, 3*l - 5*l = -k*s + 28. What is the units digit of s?
8
Let y = -14 - -16. Suppose -5*b = 5, 2*b = -3*r + 4*b + 83. Suppose 4*p - d - r = 0, -4*d + y*d = -p - 2. What is the units digit of p?
8
Let j be ((-5)/15)/((-2)/30). Suppose j*l - u + 2*u - 7 = 0, 0 = -3*l - 5*u + 13. What is the units digit of l?
1
Let x be 34/6 + (-8)/(-24). Suppose x*o + 162 = 9*o. What is the units digit of o?
4
Let t(m) = m**3 - 8*m**2 + m - 6. Let j be t(8). Suppose -j*d - 8 = -6*d. What is the tens digit of (24/(-14))/(d/(-21))?
1
Let u(x) = -2*x**2 + 3*x + 6. Let q be u(5). Let t = 44 + q. What is the units digit of t?
5
Suppose 0*v + 128 = -4*v. Let w = -21 - v. What is the units digit of w?
1
Let s = 12 + -5. What is the units digit of s?
7
Let h = 2 + -2. Suppose -3*b + 5*t + 21 = h, 5 = 5*b + t - 2. What is the units digit of 3*((-16)/(-3))/b?
8
Suppose 4*x + 34 = 5*x. What is the units digit of x?
4
Let r(f) = 2*f. Let y be r(-1). What is the units digit of y/(-15) + 583/15?
9
Suppose -4*i - 62 = -6*i. What is the units digit of i?
1
Suppose 0 = 5*l, -4*l - 20 + 8 = -4*a. Suppose m = -m + z + 549, a*z - 1345 = -5*m. What is the units digit of m/28 + 4/14?
0
Suppose -4*h - 8 + 32 = 0. Suppose -2*i + h = i. Suppose 0*z - 2 = -i*z. What is the units digit of z?
1
Let x be (2 - 5 - -5) + 0. Let l be 6/(-4)*(x - 0). What is the tens digit of (l/(-2))/((-6)/(-40))?
1
Suppose 4*o - 507 = r, 0 = -o - r + 5*r + 123. What is the units digit of o?
7
Let p be (5 + -7)*(-37)/2. Suppose p = w + 4*n, -4*n = 3*w - 22 - 105. Suppose 0 = 5*k - 0 - w. What is the units digit of k?
9
Suppose -2*c - 2 = -3*c, c = -4*d + 10. Suppose d*a = -3*v + 5*a + 27, 0 = 5*a - 10. Suppose 3*f - v = -5*b, 8*f = 4*b + 3*f + 6. What is the units digit of b?
1
Suppose 0 = 3*g - 5*s - 133, -2 = s - 0*s. What is the tens digit of g?
4
Let h = -13 - -60. Suppose 76 = -4*v + 2*t, 0*t = 3*v - 4*t + h. What is the units digit of (v/9)/((-1)/3)?
7
Let q(i) = -i**3 - i**2 - i - 1. Let d be q(-1). Suppose -21 = -3*b - d. Suppose b*x - 9 = 4*x. What is the units digit of x?
3
Suppose -2*v - v + 15 = -3*q, -3*q - 25 = -v. What is the units digit of -3 - (-1 + 1) - q?
7
Let v = -11 - -13. Suppose v*h - h = -4. What is the units digit of h + 14 + 2/1?
2
Let z be 4/((-4)/(-22) + 0). What is the units digit of z - 4*(-12)/(-16)?
9
Let j be 1/2 - (-3)/(-2). Let u be ((-3)/2)/((-3)/(-4)). What is the units digit of j/2*(u - 4)?
3
Let b(s) = s**2 - 5*s - 4. Let o be b(6). What is the tens digit of (-1)/2 - (-21)/o?
1
Suppose 0*j = 2*j - 14. What is the units digit of j?
7
Let n(j) = -j**3 - 11*j**2 + j + 13. Let v be n(-11). Suppose v*s + 31 = a, 2*s - 6 + 106 = 4*a. What is the units digit of a?
3
Let r be (-3)/5 + 2/(-5). Let d be 1/r*(-2 - -3). Let g = d + 3. What is the units digit of g?
2
Let r(i) be the third derivative of i**6/120 + 7*i**5/60 + i**4/4 - 7*i**3/6 + i**2. Let g = -54 - -49. What is the tens digit of r(g)?
1
Suppose -5*b + 2*o + 0*o = 64, -b - 4*o - 4 = 0. Let s = -6 - b. Suppose 4*f - s = 22. What is the units digit of f?
7
Suppose o = 6*o - 25. Suppose q + 23 = 2*k, 5*k - o*q - 38 = 2*k. Suppose 5*v - 6*v + k = -4*l, l = -2. What is the units digit of v?
3
Suppose 2*y - 5*g - 2 = 22, -12 = -y - 5*g. Let k be (y/(-2) - 0)/(-2). Suppose k*t - 4*t + 3 = 0. What is the units digit of t?
3
Let v = 11 + -5. Let n = 8 - v. What is the units digit of (1*-2)/(n - 4)?
1
Let h = 55 - -41. What is the units digit of h?
6
Suppose 2*a + 802 = -0*a. Let f be a/(-7) + (-8)/28. Let n = f + -39. What is the units digit of n?
8
Suppose -m + 74 = -0*q + 5*q, 0 = 2*q + 2*m - 36. Let j = q - 8. What is the units digit of j?
6
What is the hundreds digit of (-115 + (1 - -1))/(-7 - -6)?
1
Let v(w) = 2*w**3 - 2*w**2 - 5*w + 2. Let o be v(3). Suppose 4*i - 1 = p - o, 3*p - 58 = 4*i. Let s = p - 10. What is the units digit of s?
8
Let c = 453 - 175. What is the units digit of c?
8
Let c = 20 - 20. Suppose n - 27 - 13 = c. What is the units digit of n?
0
Let n(u) = u + 1 - 4*u + 4*u**3 + u**2 - u**3. What is the tens digit of n(2)?
2
Suppose -13 = 3*c - 142. What is the tens digit of c?
4
Let a(w) = w**3 + 14*w**2 + 9*w + 12. What is the tens digit of a(-13)?
6
Suppose 3*g - 2*g = 13. Let x(a) = a**2 + 2. Let d be x(-2). Let q = d + g. What is the units digit of q?
9
Suppose 3*h + 116 = 4*s, s = 2*s + h - 22. What is the tens digit of s?
2
Let c be 6 - ((1 - 1) + 1). Suppose -75 - 5 = -c*s. What is the tens digit of s?
1
Let z = 3 + -1. Suppose -4 + 0 = -z*r. What is the units digit of r?
2
Let p(g) = g**2 + 9*g + 9. Let v be p(-8). Let c = v - -8. What is the units digit of c?
9
Let l(i) = 2*i + 13 + 0*i - i - 33*i**2 + i. Let a(x) = -17*x**2 + x + 7. Let o(f) = 11*a(f) - 6*l(f). What is the tens digit of o(-1)?
1
What is the units digit of 3/((-20)/(-8) + -2)?
6
Suppose 0 = -2*r + 2 + 10. Let j = r + -10. What is the units digit of j/(-3) - 1/3?
1
Let o(i) = 3*i**2 - i**2 - i**2 - 1. Let j be o(1). Suppose 0*c - c + 4 = j. What is the units digit of c?
4
Let q be (0 - 0) + -2 - 2. Suppose 3*z = z + 2. Let a = z - q. What is the units digit of a?
5
Suppose 2*n - 5*d - 85 = 0, 3*n - 160 = -0*d + d. What is the tens digit of n?
5
Suppose -54 = 17*v - 20*v. What is the units digit of v?
8
Let w(k) = k - 1. Let x(m) = 2. Let l(h) = 3*w(h) + x(h). Let t be l(1). Suppose 0*u - 13 = -2*u + 5*r, -t*r = -u + 6. What is the units digit of u?
4
Suppose 0 = -z + 3*z. Let n(l) = -l**2 - 5 + 10 - l**3 + l + 5. What is the tens digit of n(z)?
1
Suppose 0 = 3*c - 29 - 28. What is the tens digit of c?
1
What is the units digit of (9/6 - -3)/(9/12)?
6
Suppose 2*w = -4*q - 0 + 22, w = 3*q - 4. Suppose -q*c + c = -38. What is the tens digit of c?
1
What is the units digit of (-16 - -13)*(-76)/6?
8
Let k(j) = j + 17. What is the units digit of k(-9)?
8
Let u(r) = -r**3 - 4*r**2 + 2*r + 1. Let p be u(-4). Let a(j) = j**3 + 8*j**2 + 6*j + 10. What is the tens digit of a(p)?
1
Let o(h) = 2*h + 9. Let d(f) = f + 1. Let w(j) = 5*d(j) - o(j). Let z be w(4). Let b = z + 1. What is the units digit of b?
9
Suppose -4*o - b = -52, -82 = -3*o - 2*o + 3*b. What is the tens digit of o?
1
Let c = 1 - 1. Let m = 3 + c. Suppose -3*p - 5*o = -12, 0 = -4*o + m*o. What is the units digit of p?
4
Suppose -6*o = -4*o. Let a be 4/6 + 8/24. Let u = o + a. What is the units digit of u?
1
Let z be (14/21)/(2/15). Suppose 0*h - 55 = -z*h. Suppose 3*k + h = -m, 2*k + 14 = -0*m + m. What is the units digit of m?
4
Suppose -v = -0*v + 2. Let k be 0/4 - v/2. What is the units digit of -2*((-9)/6 - k)?
5
Let c be -3*((-8)/6)/4. Suppose 5 = -2*s - 4*y - c, 5 = -s - 3*y. What is the units digit of s?
1
Suppose m - 27 = d + 4*m, -21 = d + 5*m. Let a = -23 - d. What is the tens digit of a?
1
What is the units digit of (1/1)/(9/18)?
2
Let i(f) = 10*f. Let h(q) = 20*q - 1. Let s(v) = 2*h(v) - 5*i(v). What is the units digit of s(-3)?
8
Suppose 0 = 3*u - 2*h - 12, 2*h = -u + 3 + 9. Let n = u + 12. What is the tens digit of n?
1
Let c = 2 + -1. Let q be (-5)/(-1) + c/(-1). What is the units digit of (2/q)/(4/64)?
8
Let f = 0 - -4. Suppose -2*z = -0 + f. Let s = z - -6. What is the units digit of s?
4
Suppose -4*v + 11 = -9. Suppose 4*s + 2 = v*y + 3, -4*y - 4 = -4*s. What is the units digit of s?
4
Let h(q) be the second derivative of q**4/3 + q**3/6 + 3*q. What is the tens digit of h(2)?
1
Let w(s) = 6*s + 6. Suppose 4*z + 0*z - 12 = 0. What is the units digit of